{"id":29358,"date":"2024-05-15T08:27:22","date_gmt":"2024-05-15T06:27:22","guid":{"rendered":"https:\/\/lokalundfair-fms.ch\/a-vos-marques-prets\/"},"modified":"2024-05-25T22:28:57","modified_gmt":"2024-05-25T20:28:57","slug":"a-vos-marques-prets","status":"publish","type":"page","link":"https:\/\/lokalundfair.ch\/fr\/a-vos-marques-prets\/","title":{"rendered":"\u00c0 vos marques, pr\u00eats, &#8230;."},"content":{"rendered":"<p>[et_pb_section fb_built=\u00a0\u00bb1&Prime; _builder_version=\u00a0\u00bb4.24.3&Prime; _module_preset=\u00a0\u00bbdefault\u00a0\u00bb global_colors_info=\u00a0\u00bb{}\u00a0\u00bb][et_pb_row column_structure=\u00a0\u00bb1_2,1_2&Prime; _builder_version=\u00a0\u00bb4.24.3&Prime; _module_preset=\u00a0\u00bbdefault\u00a0\u00bb global_colors_info=\u00a0\u00bb{}\u00a0\u00bb][et_pb_column type=\u00a0\u00bb1_2&Prime; _builder_version=\u00a0\u00bb4.24.3&Prime; _module_preset=\u00a0\u00bbdefault\u00a0\u00bb global_colors_info=\u00a0\u00bb{}\u00a0\u00bb][et_pb_text _builder_version=\u00a0\u00bb4.24.3&Prime; _module_preset=\u00a0\u00bbdefault\u00a0\u00bb global_colors_info=\u00a0\u00bb{}\u00a0\u00bb]<\/p>\n<h1 class=\"post-title  blogpost__post-title\" itemprop=\"name headline\">Pourqoui \u00e9quitable<\/h1>\n<section class=\"elementor-section elementor-top-section elementor-element elementor-element-7e164ce elementor-section-boxed elementor-section-height-default elementor-section-height-default\" data-id=\"7e164ce\" data-element_type=\"section\">\n<div class=\"elementor-container elementor-column-gap-default\">\n<div class=\"elementor-column elementor-col-50 elementor-top-column elementor-element elementor-element-1d764ea\" data-id=\"1d764ea\" data-element_type=\"column\">\n<div class=\"elementor-widget-wrap elementor-element-populated\">\n<div class=\"elementor-element elementor-element-b3a07e5 elementor-widget elementor-widget-text-editor\" data-id=\"b3a07e5\" data-element_type=\"widget\" data-widget_type=\"text-editor.default\">\n<div class=\"elementor-widget-container\">\n<p>\u00abLa concurrence, c\u2019est la relation entre le fournisseur et l\u2019acheteur\u00bb, explique le pr\u00e9sident de la M\u00c9S et agro\u00e9conomiste Stefan Fl\u00fcckiger. Cependant, avec les longues cha\u00eenes d\u2019approvisionnement anonymes \u2013 culture, production, transformation, emballage, transport, distribution et nombreux interm\u00e9diaires \u2013 les principes d\u2019une saine concurrence sont trop mis \u00e0 mal. L\u2019organisation souhaite donc une red\u00e9finition des termes \u2018local\u2019 et \u2018de la r\u00e9gion\u2019.<\/p>\n<p>\u00abNous voulons que m\u00eame les grands distributeurs ne commercialisent leurs produits comme locaux et r\u00e9gionaux que si les principes de la dimension sociale et de l\u2019\u00e9quit\u00e9 sont \u00e9galement remplis dans la durabilit\u00e9\u00bb, explique Fl\u00fcckiger. \u00abActuellement, leurs programmes de marketing correspondants ne reposent g\u00e9n\u00e9ralement que sur la production dans la r\u00e9gion, souvent sans tenir compte de l\u2019\u00e9quit\u00e9, comme par exemple la r\u00e9mun\u00e9ration des producteurs et des transformateurs \u00e0 hauteur de leurs efforts, et sans \u00e9cologie ni bien-\u00eatre animal. Avec les longues cha\u00eenes de valeur ajout\u00e9e de leurs produits et les nombreuses \u00e9tapes non transparentes de la division du travail, cela ne correspond pas aux principes de l\u2019\u00e9quit\u00e9.\u00bb<\/p>\n<\/div>\n<\/div>\n<\/div>\n<\/div>\n<\/div>\n<\/section>\n<section class=\"elementor-section elementor-top-section elementor-element elementor-element-d1d88a8 elementor-section-boxed elementor-section-height-default elementor-section-height-default\" data-id=\"d1d88a8\" data-element_type=\"section\" data-settings=\"{&quot;background_background&quot;:&quot;classic&quot;}\">\n<div class=\"elementor-container elementor-column-gap-default\">\n<div class=\"elementor-column elementor-col-100 elementor-top-column elementor-element elementor-element-6f3aaa2\" data-id=\"6f3aaa2\" data-element_type=\"column\">\n<div class=\"elementor-widget-wrap elementor-element-populated\">\n<section class=\"elementor-section elementor-inner-section elementor-element elementor-element-58903fd elementor-reverse-tablet elementor-reverse-mobile elementor-section-boxed elementor-section-height-default elementor-section-height-default\" data-id=\"58903fd\" data-element_type=\"section\" data-settings=\"{&quot;background_background&quot;:&quot;classic&quot;}\">\n<div class=\"elementor-container elementor-column-gap-default\">\n<div class=\"elementor-column elementor-col-50 elementor-inner-column elementor-element elementor-element-99e4d42\" data-id=\"99e4d42\" data-element_type=\"column\">\n<div class=\"elementor-widget-wrap elementor-element-populated\">\n<div class=\"elementor-element elementor-element-3e765c9 elementor-position-left elementor-vertical-align-middle elementor-view-default elementor-mobile-position-top elementor-widget elementor-widget-icon-box\" data-id=\"3e765c9\" data-element_type=\"widget\" data-widget_type=\"icon-box.default\">\n<div class=\"elementor-widget-container\">\n<div class=\"elementor-icon-box-wrapper\">\n<div class=\"elementor-icon-box-icon\"><\/div>\n<\/div>\n<\/div>\n<\/div>\n<\/div>\n<\/div>\n<\/div>\n<\/section>\n<\/div>\n<\/div>\n<\/div>\n<\/section>\n<div class=\"post-body  blogpost__post-body\" itemprop=\"articleBody\">\n<section class=\"elementor-section elementor-top-section elementor-element elementor-element-d1d88a8 elementor-section-boxed elementor-section-height-default elementor-section-height-default\" data-id=\"d1d88a8\" data-element_type=\"section\" data-settings=\"{&quot;background_background&quot;:&quot;classic&quot;}\">\n<div class=\"elementor-container elementor-column-gap-default\">\n<div class=\"elementor-column elementor-col-100 elementor-top-column elementor-element elementor-element-6f3aaa2\" data-id=\"6f3aaa2\" data-element_type=\"column\">\n<div class=\"elementor-widget-wrap elementor-element-populated\">\n<section class=\"elementor-section elementor-inner-section elementor-element elementor-element-58903fd elementor-reverse-tablet elementor-reverse-mobile elementor-section-boxed elementor-section-height-default elementor-section-height-default\" data-id=\"58903fd\" data-element_type=\"section\" data-settings=\"{&quot;background_background&quot;:&quot;classic&quot;}\">\n<div class=\"elementor-container elementor-column-gap-default\">\n<div class=\"elementor-column elementor-col-50 elementor-inner-column elementor-element elementor-element-99e4d42\" data-id=\"99e4d42\" data-element_type=\"column\">\n<div class=\"elementor-widget-wrap elementor-element-populated\">\n<div class=\"elementor-element elementor-element-3e765c9 elementor-position-left elementor-vertical-align-middle elementor-view-default elementor-mobile-position-top elementor-widget elementor-widget-icon-box\" data-id=\"3e765c9\" data-element_type=\"widget\" data-widget_type=\"icon-box.default\">\n<div class=\"elementor-widget-container\">\n<div class=\"elementor-icon-box-wrapper\">\n<div class=\"elementor-icon-box-icon\"><\/div>\n<\/div>\n<\/div>\n<\/div>\n<\/div>\n<\/div>\n<\/div>\n<\/section>\n<\/div>\n<\/div>\n<\/div>\n<\/section>\n<\/div>\n<p>[\/et_pb_text][\/et_pb_column][et_pb_column type=\u00a0\u00bb1_2&Prime; _builder_version=\u00a0\u00bb4.24.3&Prime; _module_preset=\u00a0\u00bbdefault\u00a0\u00bb global_colors_info=\u00a0\u00bb{}\u00a0\u00bb][et_pb_image src=\u00a0\u00bbhttps:\/\/lokalundfair.ch\/wp-content\/uploads\/2024\/05\/27-23.jpg\u00a0\u00bb title_text=\u00a0\u00bb27-23&Prime; _builder_version=\u00a0\u00bb4.24.3&Prime; _module_preset=\u00a0\u00bbdefault\u00a0\u00bb height=\u00a0\u00bb400px\u00a0\u00bb custom_css_free_form=\u00a0\u00bbselector img {||    height: 100%;||    object-fit: cover;||}||\u00a0\u00bb global_colors_info=\u00a0\u00bb{}\u00a0\u00bb][\/et_pb_image][\/et_pb_column][\/et_pb_row][\/et_pb_section]<\/p>\n","protected":false},"excerpt":{"rendered":"<p>Pourqoui \u00e9quitable \u00abLa concurrence, c\u2019est la relation entre le fournisseur et l\u2019acheteur\u00bb, explique le pr\u00e9sident de la M\u00c9S et agro\u00e9conomiste Stefan Fl\u00fcckiger. Cependant, avec les longues cha\u00eenes d\u2019approvisionnement anonymes \u2013 culture, production, transformation, emballage, transport, distribution et nombreux interm\u00e9diaires \u2013 les principes d\u2019une saine concurrence sont trop mis \u00e0 mal. L\u2019organisation souhaite donc une red\u00e9finition [&hellip;]<\/p>\n","protected":false},"author":1,"featured_media":0,"parent":0,"menu_order":0,"comment_status":"closed","ping_status":"closed","template":"","meta":{"_acf_changed":false,"_et_pb_use_builder":"on","_et_pb_old_content":"","_et_gb_content_width":"","footnotes":""},"class_list":["post-29358","page","type-page","status-publish","hentry"],"acf":[],"_links":{"self":[{"href":"https:\/\/lokalundfair.ch\/fr\/wp-json\/wp\/v2\/pages\/29358","targetHints":{"allow":["GET"]}}],"collection":[{"href":"https:\/\/lokalundfair.ch\/fr\/wp-json\/wp\/v2\/pages"}],"about":[{"href":"https:\/\/lokalundfair.ch\/fr\/wp-json\/wp\/v2\/types\/page"}],"author":[{"embeddable":true,"href":"https:\/\/lokalundfair.ch\/fr\/wp-json\/wp\/v2\/users\/1"}],"replies":[{"embeddable":true,"href":"https:\/\/lokalundfair.ch\/fr\/wp-json\/wp\/v2\/comments?post=29358"}],"version-history":[{"count":0,"href":"https:\/\/lokalundfair.ch\/fr\/wp-json\/wp\/v2\/pages\/29358\/revisions"}],"wp:attachment":[{"href":"https:\/\/lokalundfair.ch\/fr\/wp-json\/wp\/v2\/media?parent=29358"}],"curies":[{"name":"wp","href":"https:\/\/api.w.org\/{rel}","templated":true}]}}

À vos marques, prêts, &#8230;.

<p>[et_pb_section fb_built= »1&Prime; _builder_version= »4.24.3&Prime; _module_preset= »default » global_colors_info= »{} »][et_pb_row column_structure= »1_2,1_2&Prime; _builder_version= »4.24.3&Prime; _module_preset= »default » global_colors_info= »{} »][et_pb_column type= »1_2&Prime; _builder_version= »4.24.3&Prime; _module_preset= »default » global_colors_info= »{} »][et_pb_text _builder_version= »4.24.3&Prime; _module_preset= »default » global_colors_info= »{} »]</p>
<h1 class="post-title  blogpost__post-title" itemprop="name headline">Pourqoui équitable</h1>
<section class="elementor-section elementor-top-section elementor-element elementor-element-7e164ce elementor-section-boxed elementor-section-height-default elementor-section-height-default" data-id="7e164ce" data-element_type="section">
<div class="elementor-container elementor-column-gap-default">
<div class="elementor-column elementor-col-50 elementor-top-column elementor-element elementor-element-1d764ea" data-id="1d764ea" data-element_type="column">
<div class="elementor-widget-wrap elementor-element-populated">
<div class="elementor-element elementor-element-b3a07e5 elementor-widget elementor-widget-text-editor" data-id="b3a07e5" data-element_type="widget" data-widget_type="text-editor.default">
<div class="elementor-widget-container">
<p>«La concurrence, c’est la relation entre le fournisseur et l’acheteur», explique le président de la MÉS et agroéconomiste Stefan Flückiger. Cependant, avec les longues chaînes d’approvisionnement anonymes – culture, production, transformation, emballage, transport, distribution et nombreux intermédiaires – les principes d’une saine concurrence sont trop mis à mal. L’organisation souhaite donc une redéfinition des termes ‘local’ et ‘de la région’.</p>
<p>«Nous voulons que même les grands distributeurs ne commercialisent leurs produits comme locaux et régionaux que si les principes de la dimension sociale et de l’équité sont également remplis dans la durabilité», explique Flückiger. «Actuellement, leurs programmes de marketing correspondants ne reposent généralement que sur la production dans la région, souvent sans tenir compte de l’équité, comme par exemple la rémunération des producteurs et des transformateurs à hauteur de leurs efforts, et sans écologie ni bien-être animal. Avec les longues chaînes de valeur ajoutée de leurs produits et les nombreuses étapes non transparentes de la division du travail, cela ne correspond pas aux principes de l’équité.»</p>
</div>
</div>
</div>
</div>
</div>
</section>
<section class="elementor-section elementor-top-section elementor-element elementor-element-d1d88a8 elementor-section-boxed elementor-section-height-default elementor-section-height-default" data-id="d1d88a8" data-element_type="section" data-settings="{&quot;background_background&quot;:&quot;classic&quot;}">
<div class="elementor-container elementor-column-gap-default">
<div class="elementor-column elementor-col-100 elementor-top-column elementor-element elementor-element-6f3aaa2" data-id="6f3aaa2" data-element_type="column">
<div class="elementor-widget-wrap elementor-element-populated">
<section class="elementor-section elementor-inner-section elementor-element elementor-element-58903fd elementor-reverse-tablet elementor-reverse-mobile elementor-section-boxed elementor-section-height-default elementor-section-height-default" data-id="58903fd" data-element_type="section" data-settings="{&quot;background_background&quot;:&quot;classic&quot;}">
<div class="elementor-container elementor-column-gap-default">
<div class="elementor-column elementor-col-50 elementor-inner-column elementor-element elementor-element-99e4d42" data-id="99e4d42" data-element_type="column">
<div class="elementor-widget-wrap elementor-element-populated">
<div class="elementor-element elementor-element-3e765c9 elementor-position-left elementor-vertical-align-middle elementor-view-default elementor-mobile-position-top elementor-widget elementor-widget-icon-box" data-id="3e765c9" data-element_type="widget" data-widget_type="icon-box.default">
<div class="elementor-widget-container">
<div class="elementor-icon-box-wrapper">
<div class="elementor-icon-box-icon"></div>
</div>
</div>
</div>
</div>
</div>
</div>
</section>
</div>
</div>
</div>
</section>
<div class="post-body  blogpost__post-body" itemprop="articleBody">
<section class="elementor-section elementor-top-section elementor-element elementor-element-d1d88a8 elementor-section-boxed elementor-section-height-default elementor-section-height-default" data-id="d1d88a8" data-element_type="section" data-settings="{&quot;background_background&quot;:&quot;classic&quot;}">
<div class="elementor-container elementor-column-gap-default">
<div class="elementor-column elementor-col-100 elementor-top-column elementor-element elementor-element-6f3aaa2" data-id="6f3aaa2" data-element_type="column">
<div class="elementor-widget-wrap elementor-element-populated">
<section class="elementor-section elementor-inner-section elementor-element elementor-element-58903fd elementor-reverse-tablet elementor-reverse-mobile elementor-section-boxed elementor-section-height-default elementor-section-height-default" data-id="58903fd" data-element_type="section" data-settings="{&quot;background_background&quot;:&quot;classic&quot;}">
<div class="elementor-container elementor-column-gap-default">
<div class="elementor-column elementor-col-50 elementor-inner-column elementor-element elementor-element-99e4d42" data-id="99e4d42" data-element_type="column">
<div class="elementor-widget-wrap elementor-element-populated">
<div class="elementor-element elementor-element-3e765c9 elementor-position-left elementor-vertical-align-middle elementor-view-default elementor-mobile-position-top elementor-widget elementor-widget-icon-box" data-id="3e765c9" data-element_type="widget" data-widget_type="icon-box.default">
<div class="elementor-widget-container">
<div class="elementor-icon-box-wrapper">
<div class="elementor-icon-box-icon"></div>
</div>
</div>
</div>
</div>
</div>
</div>
</section>
</div>
</div>
</div>
</section>
</div>
<p>[/et_pb_text][/et_pb_column][et_pb_column type= »1_2&Prime; _builder_version= »4.24.3&Prime; _module_preset= »default » global_colors_info= »{} »][et_pb_image src= »https://lokalundfair.ch/wp-content/uploads/2024/05/27-23.jpg » title_text= »27-23&Prime; _builder_version= »4.24.3&Prime; _module_preset= »default » height= »400px » custom_css_free_form= »selector img {||    height: 100%;||    object-fit: cover;||}|| » global_colors_info= »{} »][/et_pb_image][/et_pb_column][/et_pb_row][/et_pb_section]</p>

<p>Pourqoui équitable «La concurrence, c’est la relation entre le fournisseur et l’acheteur», explique le président de la MÉS et agroéconomiste Stefan Flückiger. Cependant, avec les longues chaînes d’approvisionnement anonymes – culture, production, transformation, emballage, transport, distribution et nombreux intermédiaires – les principes d’une saine concurrence sont trop mis à mal. L’organisation souhaite donc une redéfinition [&hellip;]</p>
