{"id":31894,"date":"2025-08-14T16:11:52","date_gmt":"2025-08-14T14:11:52","guid":{"rendered":"https:\/\/lokalundfair.ch\/exploitations-agricoles\/"},"modified":"2025-08-14T16:24:32","modified_gmt":"2025-08-14T14:24:32","slug":"exploitations-agricoles","status":"publish","type":"page","link":"https:\/\/lokalundfair.ch\/fr\/exploitations-agricoles\/","title":{"rendered":"Exploitations agricoles"},"content":{"rendered":"<p>[et_pb_section fb_built=\u00a0\u00bb1&Prime; _builder_version=\u00a0\u00bb4.24.3&Prime; _module_preset=\u00a0\u00bbdefault\u00a0\u00bb background_image=\u00a0\u00bbhttps:\/\/lokalundfair.ch\/wp-content\/uploads\/2024\/04\/top-view-vegetables-as-coriander-tomato-spinach-green-mint-leaves-wooden-surface-with-copy-space-1-scaled.jpg\u00a0\u00bb min_height=\u00a0\u00bb232px\u00a0\u00bb locked=\u00a0\u00bboff\u00a0\u00bb global_colors_info=\u00a0\u00bb{}\u00a0\u00bb][et_pb_row _builder_version=\u00a0\u00bb4.24.3&Prime; _module_preset=\u00a0\u00bbdefault\u00a0\u00bb global_colors_info=\u00a0\u00bb{}\u00a0\u00bb][et_pb_column type=\u00a0\u00bb4_4&Prime; _builder_version=\u00a0\u00bb4.24.3&Prime; _module_preset=\u00a0\u00bbdefault\u00a0\u00bb global_colors_info=\u00a0\u00bb{}\u00a0\u00bb][et_pb_text _builder_version=\u00a0\u00bb4.27.4&Prime; _module_preset=\u00a0\u00bbdefault\u00a0\u00bb width=\u00a0\u00bb70%\u00a0\u00bb width_tablet=\u00a0\u00bb70%\u00a0\u00bb width_phone=\u00a0\u00bb100%\u00a0\u00bb width_last_edited=\u00a0\u00bbon|desktop\u00a0\u00bb module_alignment=\u00a0\u00bbcenter\u00a0\u00bb link_option_url=\u00a0\u00bb#mitmachen\u00a0\u00bb custom_css_free_form=\u00a0\u00bbselector h1, selector h2, selector h3, selector h4, selector h5, selector h6 {||    background: -webkit-linear-gradient(24deg, #0099d2, #039754);||    -webkit-background-clip: text;||    -webkit-text-fill-color: transparent;||}||\u00a0\u00bb global_colors_info=\u00a0\u00bb{}\u00a0\u00bb]<\/p>\n<h1 style=\"text-align: center;\"><b><a href=\"https:\/\/www.schweizerbauern.ch\/\" target=\"_blank\" rel=\"noopener noreferrer nofollow\">Agriculteurs suisses<\/a>: d\u00e9couvrez les magasins \u00e0 la ferme pr\u00e8s de chez vous sur la carte.<\/b><\/h1>\n<p>[\/et_pb_text][et_pb_text _builder_version=\u00a0\u00bb4.27.4&Prime; _module_preset=\u00a0\u00bbdefault\u00a0\u00bb width=\u00a0\u00bb68%\u00a0\u00bb width_tablet=\u00a0\u00bb60%\u00a0\u00bb width_phone=\u00a0\u00bb100%\u00a0\u00bb width_last_edited=\u00a0\u00bbon|phone\u00a0\u00bb module_alignment=\u00a0\u00bbcenter\u00a0\u00bb hover_enabled=\u00a0\u00bb0&Prime; global_colors_info=\u00a0\u00bb{}\u00a0\u00bb sticky_enabled=\u00a0\u00bb0&Prime;]<\/p>\n<p style=\"text-align: center;\"><em>alocal+\u00e9quitable<\/em><span> coop\u00e8re avec la plateforme de vente directe de l&rsquo;Union suisse des paysans. Vous y trouverez plus de 3 000 fermes dans toute la Suisse, avec des magasins \u00e0 la ferme, des produits frais et des aper\u00e7us passionnants sur l&rsquo;agriculture..<\/span><\/p>\n<p>[\/et_pb_text][\/et_pb_column][\/et_pb_row][\/et_pb_section][et_pb_section fb_built=\u00a0\u00bb1&Prime; _builder_version=\u00a0\u00bb4.27.4&Prime; _module_preset=\u00a0\u00bbdefault\u00a0\u00bb width=\u00a0\u00bb100%\u00a0\u00bb custom_margin=\u00a0\u00bb0px|0px|0px|0px|false|false\u00a0\u00bb custom_padding=\u00a0\u00bb0px|0px|0px|0px|false|false\u00a0\u00bb global_colors_info=\u00a0\u00bb{}\u00a0\u00bb][et_pb_row _builder_version=\u00a0\u00bb4.27.4&Prime; _module_preset=\u00a0\u00bbdefault\u00a0\u00bb width=\u00a0\u00bb100%\u00a0\u00bb custom_margin=\u00a0\u00bb0px|0px|0px|0px|false|false\u00a0\u00bb custom_padding=\u00a0\u00bb0px|0px|0px|0px|false|false\u00a0\u00bb global_colors_info=\u00a0\u00bb{}\u00a0\u00bb][et_pb_column type=\u00a0\u00bb4_4&Prime; _builder_version=\u00a0\u00bb4.27.4&Prime; _module_preset=\u00a0\u00bbdefault\u00a0\u00bb custom_padding=\u00a0\u00bb||||false|false\u00a0\u00bb custom_css_free_form=\u00a0\u00bbselector {||  min-width: 100vw !important;||  max-width: 100vw !important;||}\u00a0\u00bb global_colors_info=\u00a0\u00bb{}\u00a0\u00bb][et_pb_code _builder_version=\u00a0\u00bb4.27.4&Prime; _module_preset=\u00a0\u00bbdefault\u00a0\u00bb width=\u00a0\u00bb100%\u00a0\u00bb global_colors_info=\u00a0\u00bb{}\u00a0\u00bb]<iframe src=https:\/\/www.hofsuche.schweizerbauern.ch\/de\/?iframe=1&#038;project=vomhof&#038;iframe.showMap=1 scrolling=\"no\" width=\"100%\" height=\"800px\" frameborder=\"0\">[\/et_pb_code][\/et_pb_column][\/et_pb_row][\/et_pb_section]<\/p>\n","protected":false},"excerpt":{"rendered":"<p>Agriculteurs suisses: d\u00e9couvrez les magasins \u00e0 la ferme pr\u00e8s de chez vous sur la carte.alocal+\u00e9quitable coop\u00e8re avec la plateforme de vente directe de l&rsquo;Union suisse des paysans. Vous y trouverez plus de 3 000 fermes dans toute la Suisse, avec des magasins \u00e0 la ferme, des produits frais et des aper\u00e7us passionnants sur l&rsquo;agriculture..<\/p>\n","protected":false},"author":1,"featured_media":0,"parent":0,"menu_order":0,"comment_status":"closed","ping_status":"closed","template":"","meta":{"_acf_changed":false,"_et_pb_use_builder":"on","_et_pb_old_content":"","_et_gb_content_width":"","footnotes":""},"class_list":["post-31894","page","type-page","status-publish","hentry"],"acf":[],"_links":{"self":[{"href":"https:\/\/lokalundfair.ch\/fr\/wp-json\/wp\/v2\/pages\/31894","targetHints":{"allow":["GET"]}}],"collection":[{"href":"https:\/\/lokalundfair.ch\/fr\/wp-json\/wp\/v2\/pages"}],"about":[{"href":"https:\/\/lokalundfair.ch\/fr\/wp-json\/wp\/v2\/types\/page"}],"author":[{"embeddable":true,"href":"https:\/\/lokalundfair.ch\/fr\/wp-json\/wp\/v2\/users\/1"}],"replies":[{"embeddable":true,"href":"https:\/\/lokalundfair.ch\/fr\/wp-json\/wp\/v2\/comments?post=31894"}],"version-history":[{"count":3,"href":"https:\/\/lokalundfair.ch\/fr\/wp-json\/wp\/v2\/pages\/31894\/revisions"}],"predecessor-version":[{"id":31897,"href":"https:\/\/lokalundfair.ch\/fr\/wp-json\/wp\/v2\/pages\/31894\/revisions\/31897"}],"wp:attachment":[{"href":"https:\/\/lokalundfair.ch\/fr\/wp-json\/wp\/v2\/media?parent=31894"}],"curies":[{"name":"wp","href":"https:\/\/api.w.org\/{rel}","templated":true}]}}

<p>[et_pb_section fb_built= »1&Prime; _builder_version= »4.24.3&Prime; _module_preset= »default » background_image= »https://lokalundfair.ch/wp-content/uploads/2024/04/top-view-vegetables-as-coriander-tomato-spinach-green-mint-leaves-wooden-surface-with-copy-space-1-scaled.jpg » min_height= »232px » locked= »off » global_colors_info= »{} »][et_pb_row _builder_version= »4.24.3&Prime; _module_preset= »default » global_colors_info= »{} »][et_pb_column type= »4_4&Prime; _builder_version= »4.24.3&Prime; _module_preset= »default » global_colors_info= »{} »][et_pb_text _builder_version= »4.27.4&Prime; _module_preset= »default » width= »70% » width_tablet= »70% » width_phone= »100% » width_last_edited= »on|desktop » module_alignment= »center » link_option_url= »#mitmachen » custom_css_free_form= »selector h1, selector h2, selector h3, selector h4, selector h5, selector h6 {||    background: -webkit-linear-gradient(24deg, #0099d2, #039754);||    -webkit-background-clip: text;||    -webkit-text-fill-color: transparent;||}|| » global_colors_info= »{} »]</p>
<h1 style="text-align: center;"><b><a href="https://www.schweizerbauern.ch/" target="_blank" rel="noopener noreferrer nofollow">Agriculteurs suisses</a>: découvrez les magasins à la ferme près de chez vous sur la carte.</b></h1>
<p>[/et_pb_text][et_pb_text _builder_version= »4.27.4&Prime; _module_preset= »default » width= »68% » width_tablet= »60% » width_phone= »100% » width_last_edited= »on|phone » module_alignment= »center » hover_enabled= »0&Prime; global_colors_info= »{} » sticky_enabled= »0&Prime;]</p>
<p style="text-align: center;"><em>alocal+équitable</em><span> coopère avec la plateforme de vente directe de l&rsquo;Union suisse des paysans. Vous y trouverez plus de 3 000 fermes dans toute la Suisse, avec des magasins à la ferme, des produits frais et des aperçus passionnants sur l&rsquo;agriculture..</span></p>
<p>[/et_pb_text][/et_pb_column][/et_pb_row][/et_pb_section][et_pb_section fb_built= »1&Prime; _builder_version= »4.27.4&Prime; _module_preset= »default » width= »100% » custom_margin= »0px|0px|0px|0px|false|false » custom_padding= »0px|0px|0px|0px|false|false » global_colors_info= »{} »][et_pb_row _builder_version= »4.27.4&Prime; _module_preset= »default » width= »100% » custom_margin= »0px|0px|0px|0px|false|false » custom_padding= »0px|0px|0px|0px|false|false » global_colors_info= »{} »][et_pb_column type= »4_4&Prime; _builder_version= »4.27.4&Prime; _module_preset= »default » custom_padding= »||||false|false » custom_css_free_form= »selector {||  min-width: 100vw !important;||  max-width: 100vw !important;||} » global_colors_info= »{} »][et_pb_code _builder_version= »4.27.4&Prime; _module_preset= »default » width= »100% » global_colors_info= »{} »]<iframe src=https://www.hofsuche.schweizerbauern.ch/de/?iframe=1&#038;project=vomhof&#038;iframe.showMap=1 scrolling="no" width="100%" height="800px" frameborder="0">[/et_pb_code][/et_pb_column][/et_pb_row][/et_pb_section]</p>

<p>Agriculteurs suisses: découvrez les magasins à la ferme près de chez vous sur la carte.alocal+équitable coopère avec la plateforme de vente directe de l&rsquo;Union suisse des paysans. Vous y trouverez plus de 3 000 fermes dans toute la Suisse, avec des magasins à la ferme, des produits frais et des aperçus passionnants sur l&rsquo;agriculture..</p>
