{"id":31598,"date":"2024-05-31T06:10:13","date_gmt":"2024-05-31T04:10:13","guid":{"rendered":"https:\/\/lokalundfair.ch\/hofe-und-restaurants\/fairmondo-staefa\/"},"modified":"2025-07-31T15:37:29","modified_gmt":"2025-07-31T13:37:29","slug":"fairmondo-staefa","status":"publish","type":"wpsl_stores","link":"https:\/\/lokalundfair.ch\/fr\/hofe-und-restaurants\/fairmondo-staefa\/","title":{"rendered":"Fairmondo St\u00e4fa"},"content":{"rendered":"\n<p><strong>\u00c9quitable pour l&rsquo;homme et l&rsquo;environnement<\/strong><\/p>\n\n<p>Ce principe est central dans le choix de notre assortiment. Nous proposons des marchandises qui respectent le principe du commerce \u00e9quitable et\/ou qui sont produites de mani\u00e8re biologique et\/ou qui sont produites dans le respect de l&rsquo;homme et de l&rsquo;environnement. Nous sommes un petit magasin \u00e9quitable. Notre client\u00e8le veut faire des achats \u00e9quitables pour l&rsquo;homme et l&rsquo;environnement !   <\/p>\n\n<p>Chez Fairmondo, vous avez \u00e9galement la possibilit\u00e9 de faire vos achats sans emballage ! Remplissez vous-m\u00eame les grains de caf\u00e9 maison et de caf\u00e9 sauvage de fairmondo ! Des fruits\/l\u00e9gumes et des produits de boulangerie sont disponibles en vrac, ainsi que des produits de lessive et de nettoyage \u00e0 remplir. Diverses denr\u00e9es alimentaires sont disponibles en gros emballages \u00e9cologiques &#8211; nous \u00e9conomisons des emballages, r\u00e9duisons le plastique et pr\u00e9servons ainsi l&rsquo;environnement. Nous nous r\u00e9jouissons de vous compter parmi nos clients !    <\/p>\n\n<p><a href=\"https:\/\/fairmondo.ch\/\" target=\"_blank\" rel=\"noreferrer noopener\">https:\/\/fairmondo.ch\/<\/a><br\/>fairmondo<br\/>Bahnhofwiese 11<br\/>8712 St\u00e4fa<br\/>Tel:\u00a0<a href=\"tel:044%20926 74 40\">044 926 74 40<\/a><br\/>laden (at)\u00a0<a href=\"https:\/\/lokalundfair.ch\/hofe-und-restaurants-entdecken\/fairmondo.ch\">fairmondo.ch<\/a><a href=\"mailto:beiz@roesslibeiz.ch\"><\/a><\/p>\n","protected":false},"excerpt":{"rendered":"<p>\u00c9quitable pour l&rsquo;homme et l&rsquo;environnement Ce principe est central dans le choix de notre assortiment. Nous proposons des marchandises qui respectent le principe du commerce \u00e9quitable et\/ou qui sont produites de mani\u00e8re biologique et\/ou qui sont produites dans le respect de l&rsquo;homme et de l&rsquo;environnement. Nous sommes un petit magasin \u00e9quitable. Notre client\u00e8le veut faire [&hellip;]<\/p>\n","protected":false},"author":1,"featured_media":29551,"template":"","wpsl_store_category":[],"class_list":["post-31598","wpsl_stores","type-wpsl_stores","status-publish","has-post-thumbnail","hentry"],"acf":[],"_links":{"self":[{"href":"https:\/\/lokalundfair.ch\/fr\/wp-json\/wp\/v2\/wpsl_stores\/31598","targetHints":{"allow":["GET"]}}],"collection":[{"href":"https:\/\/lokalundfair.ch\/fr\/wp-json\/wp\/v2\/wpsl_stores"}],"about":[{"href":"https:\/\/lokalundfair.ch\/fr\/wp-json\/wp\/v2\/types\/wpsl_stores"}],"author":[{"embeddable":true,"href":"https:\/\/lokalundfair.ch\/fr\/wp-json\/wp\/v2\/users\/1"}],"version-history":[{"count":1,"href":"https:\/\/lokalundfair.ch\/fr\/wp-json\/wp\/v2\/wpsl_stores\/31598\/revisions"}],"predecessor-version":[{"id":31600,"href":"https:\/\/lokalundfair.ch\/fr\/wp-json\/wp\/v2\/wpsl_stores\/31598\/revisions\/31600"}],"wp:featuredmedia":[{"embeddable":true,"href":"https:\/\/lokalundfair.ch\/fr\/wp-json\/wp\/v2\/media\/29551"}],"wp:attachment":[{"href":"https:\/\/lokalundfair.ch\/fr\/wp-json\/wp\/v2\/media?parent=31598"}],"wp:term":[{"taxonomy":"wpsl_store_category","embeddable":true,"href":"https:\/\/lokalundfair.ch\/fr\/wp-json\/wp\/v2\/wpsl_store_category?post=31598"}],"curies":[{"name":"wp","href":"https:\/\/api.w.org\/{rel}","templated":true}]}}

Fairmondo Stäfa

<p><strong>Équitable pour l&rsquo;homme et l&rsquo;environnement</strong></p>

<p>Ce principe est central dans le choix de notre assortiment. Nous proposons des marchandises qui respectent le principe du commerce équitable et/ou qui sont produites de manière biologique et/ou qui sont produites dans le respect de l&rsquo;homme et de l&rsquo;environnement. Nous sommes un petit magasin équitable. Notre clientèle veut faire des achats équitables pour l&rsquo;homme et l&rsquo;environnement !   </p>

<p>Chez Fairmondo, vous avez également la possibilité de faire vos achats sans emballage ! Remplissez vous-même les grains de café maison et de café sauvage de fairmondo ! Des fruits/légumes et des produits de boulangerie sont disponibles en vrac, ainsi que des produits de lessive et de nettoyage à remplir. Diverses denrées alimentaires sont disponibles en gros emballages écologiques &#8211; nous économisons des emballages, réduisons le plastique et préservons ainsi l&rsquo;environnement. Nous nous réjouissons de vous compter parmi nos clients !    </p>

<p><a href="https://fairmondo.ch/" target="_blank" rel="noreferrer noopener">https://fairmondo.ch/</a><br/>fairmondo<br/>Bahnhofwiese 11<br/>8712 Stäfa<br/>Tel: <a href="tel:044%20926 74 40">044 926 74 40</a><br/>laden (at) <a href="https://lokalundfair.ch/hofe-und-restaurants-entdecken/fairmondo.ch">fairmondo.ch</a><a href="mailto:beiz@roesslibeiz.ch"></a></p>

<p>Équitable pour l&rsquo;homme et l&rsquo;environnement Ce principe est central dans le choix de notre assortiment. Nous proposons des marchandises qui respectent le principe du commerce équitable et/ou qui sont produites de manière biologique et/ou qui sont produites dans le respect de l&rsquo;homme et de l&rsquo;environnement. Nous sommes un petit magasin équitable. Notre clientèle veut faire [&hellip;]</p>
