{"id":31729,"date":"2025-07-28T20:14:12","date_gmt":"2025-07-28T18:14:12","guid":{"rendered":"https:\/\/lokalundfair.ch\/hofe-und-restaurants\/foyers-uster\/"},"modified":"2025-07-31T15:38:39","modified_gmt":"2025-07-31T13:38:39","slug":"foyers-uster","status":"publish","type":"wpsl_stores","link":"https:\/\/lokalundfair.ch\/fr\/hofe-und-restaurants\/foyers-uster\/","title":{"rendered":"Foyers Uster"},"content":{"rendered":"\n<p>Les Heime Uster servent des repas \u00e0 leurs r\u00e9sidents, \u00e0 leurs collaborateurs et \u00e0 leurs invit\u00e9s sur deux sites, avec leurs propres cuisines fra\u00eeches. Les deux sites cuisinent en fonction des besoins individuels ainsi que des conditions respectives et adaptent les restaurants \u00e0 leurs groupes d&rsquo;exigences. Mais ce n&rsquo;est pas tout : outre le plaisir et la fra\u00eecheur, les produits locaux ont \u00e9galement une grande importance, et ce non seulement sur le papier, mais aussi concr\u00e8tement sur place.  <\/p>\n\n<p><strong>Id\u00e9es directrices  <\/strong><\/p>\n\n<p>Le service de restauration de Heime Uster doit avoir un large rayonnement et poser des jalons clairement perceptibles d&rsquo;une restauration moderne dans le paysage des foyers. Les Heime Uster encouragent de mani\u00e8re cibl\u00e9e la prise de conscience de la valeur globale de la nourriture et entretiennent un dialogue actif avec les r\u00e9sidents et les h\u00f4tes. Les achats sont effectu\u00e9s en connaissance de cause : La saisonnalit\u00e9, la r\u00e9gionalit\u00e9 et la durabilit\u00e9 sont importantes dans la conception de l&rsquo;offre et l&rsquo;approvisionnement en denr\u00e9es alimentaires. Les repas sont pr\u00e9par\u00e9s \u00e0 partir de produits frais, naturels et de qualit\u00e9, et proviennent autant que possible de la r\u00e9gion.     <\/p>\n\n<p>Et dans la <em>mesure du possible <\/em>, cela signifie aussi ici : <em>dans la mesure du possible. <\/em>Ainsi, les foyers se fournissent en viande aupr\u00e8s de la boucherie Hotz d&rsquo;Uster, le pain aupr\u00e8s de la boulangerie Vuaillat d&rsquo;Uster et les fruits et l\u00e9gumes proviennent \u00e9galement des environs. Un v\u00e9ritable mod\u00e8le de gastronomie qui fait suivre les belles paroles de sa charte par des actes ! <\/p>\n\n<p><strong>Achats<\/strong> <\/p>\n\n<ul class=\"wp-block-list\">\n<li>Nous d\u00e9clarons l&rsquo;origine et la qualit\u00e9 des produits de mani\u00e8re transparente.  <\/li>\n\n\n\n<li>Nous achetons selon les principes du d\u00e9veloppement durable.  <\/li>\n\n\n\n<li>Nous achetons de la vaisselle de table qui r\u00e9pond aux besoins et aux exigences des diff\u00e9rentes parties prenantes.<\/li>\n<\/ul>\n\n<p><strong>Durabilit\u00e9  <\/strong><\/p>\n\n<ul class=\"wp-block-list\">\n<li>Nous d\u00e9veloppons constamment notre alimentation en tenant compte des derni\u00e8res connaissances en mati\u00e8re de d\u00e9veloppement durable.  <\/li>\n\n\n\n<li>Nous nous approvisionnons autant que possible aupr\u00e8s de producteurs et de transformateurs r\u00e9gionaux (boulangerie, laiterie, boucherie).  <\/li>\n\n\n\n<li>Nous suivons les saisons de notre r\u00e9gion et privil\u00e9gions les produits de plein air de la r\u00e9gion.  <\/li>\n\n\n\n<li>Nous achetons principalement de la viande suisse.  <\/li>\n\n\n\n<li>Nous achetons du poisson de la r\u00e9gion ou portant le label de durabilit\u00e9 MSC ou ASC.  <\/li>\n\n\n\n<li>Nous organisons la consommation de viande de mani\u00e8re consciente (portions r\u00e9duites ou normales).  <\/li>\n\n\n\n<li>Dans la mesure du possible, nous privil\u00e9gions les produits issus du commerce \u00e9quitable.  <\/li>\n\n\n\n<li>Nous n&rsquo;utilisons pas de produits \u00e0 base d&rsquo;huile de palme. Lorsque cela n&rsquo;est pas possible, nous nous approvisionnons en produits portant le label certifi\u00e9 RESPO.   <\/li>\n\n\n\n<li>Nous promouvons activement une cuisine v\u00e9g\u00e9tarienne compl\u00e8te et cr\u00e9ative.  <\/li>\n\n\n\n<li>Nous v\u00e9rifions r\u00e9guli\u00e8rement les restes de nourriture.  <\/li>\n\n\n\n<li>Gr\u00e2ce \u00e0 des mesures cibl\u00e9es, nous \u00e9vitons et r\u00e9duisons le gaspillage alimentaire.<\/li>\n<\/ul>\n\n<p><strong>Venez nous rendre visite en tant qu&rsquo;invit\u00e9 &#8211; nous serons ravis de vous accueillir !<\/strong><\/p>\n\n<p>Les r\u00e9sidents ne sont pas les seuls \u00e0 profiter d&rsquo;une cuisine de qualit\u00e9 : les h\u00f4tes se sentent \u00e9galement toujours les bienvenus dans les deux restaurants Terasse et Paradiso. Une visite vaut toujours la peine ! <\/p>\n\n<p><strong>Contact :  <\/strong><\/p>\n\n<p>EN FOND<\/p>\n\n<p>20, rue Wageren<\/p>\n\n<p>8610 Uster<\/p>\n\n<p>T\u00e9l. +41 44 905 11 11<br\/><br\/>DIETENRAIN<\/p>\n\n<p>15, rue Dietenrain<\/p>\n\n<p>8616 Riedikon-Uster<\/p>\n\n<p>T\u00e9l. +41 44 905 83 00<\/p>\n\n<p><a href=\"http:\/\/www.heime-uster.ch\/\" target=\"_blank\" rel=\"noopener noreferrer nofollow\">www.heime-uster.ch<\/a><\/p>\n\n<p><a href=\"https:\/\/www.heime-uster.ch\/ihr-wohlergehen\/gastronomie\/essen-und-trinken#\" target=\"_blank\" rel=\"noopener noreferrer nofollow\">info@heime-uster.ch<\/a><\/p>\n","protected":false},"excerpt":{"rendered":"<p>Les Heime Uster servent des repas \u00e0 leurs r\u00e9sidents, \u00e0 leurs collaborateurs et \u00e0 leurs invit\u00e9s sur deux sites, avec leurs propres cuisines fra\u00eeches. Les deux sites cuisinent en fonction des besoins individuels ainsi que des conditions respectives et adaptent les restaurants \u00e0 leurs groupes d&rsquo;exigences. Mais ce n&rsquo;est pas tout : outre le plaisir [&hellip;]<\/p>\n","protected":false},"author":1,"featured_media":0,"template":"","wpsl_store_category":[],"class_list":["post-31729","wpsl_stores","type-wpsl_stores","status-publish","hentry"],"acf":[],"_links":{"self":[{"href":"https:\/\/lokalundfair.ch\/fr\/wp-json\/wp\/v2\/wpsl_stores\/31729","targetHints":{"allow":["GET"]}}],"collection":[{"href":"https:\/\/lokalundfair.ch\/fr\/wp-json\/wp\/v2\/wpsl_stores"}],"about":[{"href":"https:\/\/lokalundfair.ch\/fr\/wp-json\/wp\/v2\/types\/wpsl_stores"}],"author":[{"embeddable":true,"href":"https:\/\/lokalundfair.ch\/fr\/wp-json\/wp\/v2\/users\/1"}],"version-history":[{"count":1,"href":"https:\/\/lokalundfair.ch\/fr\/wp-json\/wp\/v2\/wpsl_stores\/31729\/revisions"}],"predecessor-version":[{"id":31732,"href":"https:\/\/lokalundfair.ch\/fr\/wp-json\/wp\/v2\/wpsl_stores\/31729\/revisions\/31732"}],"wp:attachment":[{"href":"https:\/\/lokalundfair.ch\/fr\/wp-json\/wp\/v2\/media?parent=31729"}],"wp:term":[{"taxonomy":"wpsl_store_category","embeddable":true,"href":"https:\/\/lokalundfair.ch\/fr\/wp-json\/wp\/v2\/wpsl_store_category?post=31729"}],"curies":[{"name":"wp","href":"https:\/\/api.w.org\/{rel}","templated":true}]}}

<p>Les Heime Uster servent des repas à leurs résidents, à leurs collaborateurs et à leurs invités sur deux sites, avec leurs propres cuisines fraîches. Les deux sites cuisinent en fonction des besoins individuels ainsi que des conditions respectives et adaptent les restaurants à leurs groupes d&rsquo;exigences. Mais ce n&rsquo;est pas tout : outre le plaisir et la fraîcheur, les produits locaux ont également une grande importance, et ce non seulement sur le papier, mais aussi concrètement sur place.  </p>

<p><strong>Idées directrices  </strong></p>

<p>Le service de restauration de Heime Uster doit avoir un large rayonnement et poser des jalons clairement perceptibles d&rsquo;une restauration moderne dans le paysage des foyers. Les Heime Uster encouragent de manière ciblée la prise de conscience de la valeur globale de la nourriture et entretiennent un dialogue actif avec les résidents et les hôtes. Les achats sont effectués en connaissance de cause : La saisonnalité, la régionalité et la durabilité sont importantes dans la conception de l&rsquo;offre et l&rsquo;approvisionnement en denrées alimentaires. Les repas sont préparés à partir de produits frais, naturels et de qualité, et proviennent autant que possible de la région.     </p>

<p>Et dans la <em>mesure du possible </em>, cela signifie aussi ici : <em>dans la mesure du possible. </em>Ainsi, les foyers se fournissent en viande auprès de la boucherie Hotz d&rsquo;Uster, le pain auprès de la boulangerie Vuaillat d&rsquo;Uster et les fruits et légumes proviennent également des environs. Un véritable modèle de gastronomie qui fait suivre les belles paroles de sa charte par des actes ! </p>

<p><strong>Achats</strong> </p>

<ul class="wp-block-list">
<li>Nous déclarons l&rsquo;origine et la qualité des produits de manière transparente.  </li>



<li>Nous achetons selon les principes du développement durable.  </li>



<li>Nous achetons de la vaisselle de table qui répond aux besoins et aux exigences des différentes parties prenantes.</li>
</ul>

<p><strong>Durabilité  </strong></p>

<ul class="wp-block-list">
<li>Nous développons constamment notre alimentation en tenant compte des dernières connaissances en matière de développement durable.  </li>



<li>Nous nous approvisionnons autant que possible auprès de producteurs et de transformateurs régionaux (boulangerie, laiterie, boucherie).  </li>



<li>Nous suivons les saisons de notre région et privilégions les produits de plein air de la région.  </li>



<li>Nous achetons principalement de la viande suisse.  </li>



<li>Nous achetons du poisson de la région ou portant le label de durabilité MSC ou ASC.  </li>



<li>Nous organisons la consommation de viande de manière consciente (portions réduites ou normales).  </li>



<li>Dans la mesure du possible, nous privilégions les produits issus du commerce équitable.  </li>



<li>Nous n&rsquo;utilisons pas de produits à base d&rsquo;huile de palme. Lorsque cela n&rsquo;est pas possible, nous nous approvisionnons en produits portant le label certifié RESPO.   </li>



<li>Nous promouvons activement une cuisine végétarienne complète et créative.  </li>



<li>Nous vérifions régulièrement les restes de nourriture.  </li>



<li>Grâce à des mesures ciblées, nous évitons et réduisons le gaspillage alimentaire.</li>
</ul>

<p><strong>Venez nous rendre visite en tant qu&rsquo;invité &#8211; nous serons ravis de vous accueillir !</strong></p>

<p>Les résidents ne sont pas les seuls à profiter d&rsquo;une cuisine de qualité : les hôtes se sentent également toujours les bienvenus dans les deux restaurants Terasse et Paradiso. Une visite vaut toujours la peine ! </p>

<p><strong>Contact :  </strong></p>

<p>EN FOND</p>

<p>20, rue Wageren</p>

<p>8610 Uster</p>

<p>Tél. +41 44 905 11 11<br/><br/>DIETENRAIN</p>

<p>15, rue Dietenrain</p>

<p>8616 Riedikon-Uster</p>

<p>Tél. +41 44 905 83 00</p>

<p><a href="http://www.heime-uster.ch/" target="_blank" rel="noopener noreferrer nofollow">www.heime-uster.ch</a></p>

<p><a href="https://www.heime-uster.ch/ihr-wohlergehen/gastronomie/essen-und-trinken#" target="_blank" rel="noopener noreferrer nofollow">info@heime-uster.ch</a></p>

<p>Les Heime Uster servent des repas à leurs résidents, à leurs collaborateurs et à leurs invités sur deux sites, avec leurs propres cuisines fraîches. Les deux sites cuisinent en fonction des besoins individuels ainsi que des conditions respectives et adaptent les restaurants à leurs groupes d&rsquo;exigences. Mais ce n&rsquo;est pas tout : outre le plaisir [&hellip;]</p>
